actor of 87622 and 2429354?
454
What is the greatest common divisor of 173261 and 316236?
19
What is the highest common divisor of 29719636 and 776?
388
Calculate the highest common divisor of 13778024 and 3077.
17
Calculate the highest common divisor of 239655 and 117.
39
What is the highest common factor of 346 and 14105728?
346
Calculate the greatest common factor of 71262435 and 15.
15
Calculate the highest common divisor of 12636 and 553683.
39
What is the greatest common factor of 184 and 563707?
23
Calculate the highest common divisor of 89600 and 2128175.
175
Calculate the greatest common factor of 717286922 and 44.
22
What is the highest common divisor of 231455185 and 670?
335
What is the greatest common divisor of 1688 and 1690321?
211
What is the greatest common divisor of 9477 and 275904?
9
What is the highest common factor of 332 and 450688?
4
What is the greatest common divisor of 181749324 and 12?
12
What is the greatest common factor of 60160698 and 15480?
774
Calculate the highest common factor of 168406 and 35098.
322
Calculate the greatest common divisor of 7649477 and 187.
11
Calculate the greatest common divisor of 37792 and 442875.
1181
Calculate the highest common divisor of 658 and 197055866.
658
What is the highest common divisor of 4282044 and 60?
12
Calculate the highest common factor of 35115189 and 2526.
1263
Calculate the highest common factor of 9504 and 1582713.
297
What is the highest common divisor of 8240 and 3640432?
1648
What is the greatest common divisor of 1240 and 145871120?
1240
What is the highest common divisor of 6112 and 5202?
2
Calculate the greatest common factor of 1521 and 27196.
13
What is the greatest common divisor of 2459 and 12381?
1
What is the highest common divisor of 22215 and 525?
15
Calculate the highest common divisor of 39427 and 131128.
443
Calculate the greatest common divisor of 688 and 5862896.
16
What is the greatest common divisor of 1204030 and 26600?
190
Calculate the highest common factor of 7085 and 1040.
65
Calculate the greatest common divisor of 1116 and 24994308.
372
Calculate the highest common divisor of 4128 and 108192.
96
Calculate the highest common divisor of 123302360 and 85.
85
What is the greatest common factor of 1709994 and 100243?
143
What is the greatest common divisor of 13572 and 14871519?
3393
What is the highest common divisor of 86227559 and 2474?
1237
What is the highest common divisor of 354 and 8941686?
354
What is the greatest common divisor of 1363725 and 60987?
87
Calculate the greatest common divisor of 1803931 and 8.
1
What is the greatest common factor of 1688 and 40716670?
422
Calculate the highest common divisor of 26442 and 183690.
234
Calculate the greatest common divisor of 61993467 and 45.
9
What is the greatest common factor of 1245 and 255630?
15
Calculate the greatest common factor of 56572450 and 11.
11
What is the greatest common factor of 32398 and 10869863?
167
What is the highest common divisor of 60 and 1604088?
12
What is the greatest common factor of 22 and 19833770?
22
What is the highest common divisor of 13490 and 170045?
355
What is the highest common divisor of 106 and 40931741?
53
What is the highest common factor of 222959513 and 77?
7
Calculate the greatest common divisor of 1221570 and 3395.
35
What is the highest common divisor of 10922 and 24209?
43
What is the highest common factor of 57 and 29360510?
19
Calculate the highest common factor of 239552 and 1390496.
608
What is the greatest common factor of 1259441 and 1233?
137
Calculate the greatest common divisor of 22970525 and 16169.
703
Calculate the highest common divisor of 230 and 43292440.
230
Calculate the highest common factor of 60499232 and 64.
32
Calculate the greatest common divisor of 236 and 18432013.
59
What is the highest common factor of 3980 and 135760?
20
Calculate the highest common divisor of 18026342 and 92.
46
Calculate the greatest common divisor of 11 and 95477.
1
Calculate the greatest common divisor of 2027 and 6922.
1
Calculate the greatest common divisor of 767 and 2858491.
59
What is the highest common divisor of 59 and 145296881?
59
What is the highest common factor of 112 and 3936702?
14
Calculate the highest common divisor of 543999 and 26373.
447
Calculate the highest common factor of 7682 and 2187990.
46
Calculate the greatest common factor of 632 and 4829191.
79
What is the greatest common factor of 3440430 and 23478?
1806
Calculate the greatest common factor of 592 and 1143596.
148
Calculate the greatest common divisor of 20724 and 7689.
33
Calculate the highest common divisor of 1127 and 1537513131.
1127
What is the highest common divisor of 66444172 and 4168?
2084
What is the highest common factor of 276612 and 3861172?
1036
What is the highest common factor of 474330 and 6520?
1630
What is the greatest common factor of 25357728 and 8673?
177
What is the highest common factor of 703292 and 10?
2
What is the greatest common factor of 4470 and 269730?
30
Calculate the highest common divisor of 1479 and 48956988.
87
What is the highest common factor of 18290 and 379037?
31
Calculate the greatest common factor of 34 and 52233265.
17
What is the greatest common factor of 66117827 and 284?
71
Calculate the highest common factor of 653883399 and 351.
117
Calculate the greatest common divisor of 33 and 5298.
3
Calculate the highest common divisor of 1236 and 4511400.
1236
Calculate the highest common factor of 125096 and 149264.
152
Calculate the greatest common factor of 1067092 and 1300.
52
What is the greatest common factor of 12797 and 136881?
67
Calculate the greatest common divisor of 747200 and 98200.
200
What is the highest common factor of 2052 and 791676?
36
Calculate the greatest common divisor of 194572 and 266.
14
What is the greatest common divisor of 334829 and 128161?
671
Calculate the highest common factor of 256 and 76880288.
32
Calculate the greatest common factor of 1106 and 89707107.
553
Calculate the greatest common divisor of 123992 and 5984.
88
Calculate the greatest common divisor of 5074017021 and 2817.
2817
Calculate the greatest common divisor of 4152 and 43282524.
2076
What is the highest common divisor of 5100 and 122026?
34
What is the greatest common divisor of 176634 and 533173?
3271
Calculate the highest common divisor of 2610 and 5366.
2
What is the greatest common divisor of 22213026 and 3354?
258
What is the highest common divisor of 4576880 and 840?
280
Calculate the greatest common divisor of 3005938 and 2106.
26
Calculate the greatest common factor of 7994882 and 11936.
746
Calculate the greatest common divisor of 141266 and 712057.
1909
Calculate the highest common divisor of 28372 and 15662.
82
What is the greatest common divisor of 5709450 and 40800?
2550
Calculate the highest common divisor of 103495904 and 193828.
4124
Calculate the greatest common divisor of 90890 and 36654.
298
Calculate the greatest common divisor of 8053003 and 9927.
1103
Calculate the highest common factor of 158441 and 47075.
269
What is the highest common divisor of 780 and 602446260?
780
What is the highest common factor of 60120309 and 238620?
11931
What is the highest common divisor of 202 and 5823157626?
202
What is the highest common factor of 51 and 1214106527?
17
Calculate the highest common divisor of 352 and 2209548.
44
Calculate the greatest common divisor of 1273 and 106368061.
1273
Calculate the highest common factor of 9347 and 191254.
719
What is the greatest common factor of 1458848477 and 277?
277
Calculate the greatest common divisor of 21715515 and 24387.
2217
Calculate the greatest common divisor of 15561 and 3016041.
399
What is the greatest common factor of 2234176000 and 3584?
3584
Calculate the highest common factor of 2540448 and 4512.
96
What is the greatest common divisor of 224 and 349237?
7
What is the greatest common divisor of 223497 and 8664?
57
Calculate the highest common factor of 3876 and 7992008.
76
Calculate the highest common factor of 553 and 32396.
7
What is the highest common divisor of 160908363 and 4158?
2079
What is the highest common factor of 13955 and 130?
5
What is the greatest common factor of 3672350 and 175?
25
What is the highest common factor of 34040 and 1